e remainder when 80 is divided by (w/((-48)/18))/(f/18)?
26
Suppose 5*q - 3*u = 31, -2*u + 2 = q + 1. Suppose -273 - 7 = q*w. What is the remainder when 93 is divided by (-1386)/w + (-3)/4?
21
Let t be 3 - (-2)/(-1 + 231/237). Let h = -40 - t. What is the remainder when 9/(h/184) - (0 + -3) is divided by 25?
24
Let a be -4 - -4 - (1 - 57). Suppose 4*u - 8*u = -a. What is the remainder when (2/(-2))/((11/(-902))/(5/10)) is divided by u?
13
Suppose -77*z - 4*n = -73*z - 228, 0 = -2*z + 3*n + 69. Let v = -191 + 382. Calculate the remainder when v is divided by z.
47
Let h(k) = 5*k - 2. Let f be h(3). Let m(b) = -23*b - 250. Let t be m(-11). Suppose -43 = -t*z - f. Calculate the remainder when 35 is divided by z.
5
Let i = 1338 + -1211. What is the remainder when i is divided by 6?
1
Let a = -783 - -365. Let x = 440 + a. Let v(k) = -k**3 + 7*k**2 - 2*k - 5. What is the remainder when v(5) is divided by x?
13
Let d = 4773 - 4489. Calculate the remainder when d is divided by 53.
19
Let h be (-6)/12 - (-20)/8. Suppose -4*n + 4*l = -1536, -h*l = 5*n - 2244 + 338. What is the remainder when n is divided by 64?
62
Let f(t) = t**3 + 20*t**2 + 35*t - 18. Let g be f(-19). What is the remainder when 155 is divided by -3 + -2 - (-9)/((-63)/g)?
32
What is the remainder when 562 is divided by -13 + 23/((-253)/(-660))?
45
Suppose -715*t + 662*t = -1166. Suppose d - 336 = -3*d. Calculate the remainder when d is divided by t.
18
Suppose -13*d + d = 516. Let x = d + 40. Calculate the remainder when 9 is divided by 8/20*(3 - (x - -1)).
1
Let w = -158 - -191. Suppose 12*o = 7*o + 25. Suppose 5*q - c = 26, -3*q + o*c + 6 + 14 = 0. What is the remainder when w is divided by q?
3
Let m(c) = -c**2 + 205*c - 1179. Calculate the remainder when (6/(-4))/(3/(-296)) is divided by m(6).
13
Suppose 32 = -4*t - 4*h, t = -3*t - h - 17. Suppose 2*s + 4 = 4*s. What is the remainder when (-1)/t*(3 - (-21 - 0)) is divided by s?
0
Suppose 4*w + 2*x + 24 = 490, -2*w + 243 = 3*x. Calculate the remainder when w is divided by 17.
12
Let s be 8/((-4)/(-14) + (-12)/(-7)). Let a(g) = -6*g - 21 + g**3 + 2*g**2 - 7*g + 4*g**2 - s*g. Calculate the remainder when a(-7) is divided by 29.
20
Let a = 320 + -38. Let x = -152 + a. Calculate the remainder when x is divided by ((-462)/28)/((-1)/2).
31
Let h = -3448 + 3617. Calculate the remainder when 608 is divided by h.
101
Suppose -25*t + 0*t + 6050 = 0. Calculate the remainder when t is divided by (-3)/((-6)/2) + 26.
26
What is the remainder when 113 is divided by 4/10 - (1059/(-15) + 2)?
44
Let b(p) = p**2 - 70*p - 377. What is the remainder when b(-23) is divided by 24?
10
Let j(s) = 298*s + 11867. Calculate the remainder when 5749 is divided by j(-35).
1
Calculate the remainder when ((-2)/(-5))/((-3)/(-285)) is divided by 22 + (-90)/(-200)*20.
7
Suppose -42*p + 46*p + 28 = 0. Let r(h) = -54*h - 31. What is the remainder when r(p) is divided by 7?
4
Let b(j) = 2*j - 4. Let r be b(6). Let z = -2528 - -2533. Suppose -z*h = -12 - r. Calculate the remainder when 14 is divided by h.
2
Suppose -50*x + 51*x = -2*b + 136, 3*b = 4*x + 182. Suppose 0 = 2*n + 7 - 33. Suppose n*y - 125 = 8*y. What is the remainder when b is divided by y?
16
Let o(c) = -c**3 - c**2 - 5*c - 5. Calculate the remainder when -4*(-2)/2*17 is divided by o(-2).
5
Suppose 79*h - 90*h + 539 = 0. What is the remainder when 153 is divided by h?
6
Let t(u) = 5*u - 50. Let b be (60/(-16) - -4)*2*-14. Let g = b - -22. What is the remainder when t(g) is divided by 7?
4
Calculate the remainder when -2 + 63 + (-3)/(-1) is divided by 54/72 - (-2 + (-325)/20).
7
Let y(g) be the first derivative of -g**4/4 - g**3 - g**2 + 269*g + 97. What is the remainder when y(0) is divided by 15?
14
Let a = -3319 - -3549. Calculate the remainder when a is divided by 57.
2
Let m(h) = 8*h + 30. Let g(s) = 4*s + 15. Let w(t) = 5*g(t) - 3*m(t). Suppose 0 = -23*d + 18*d + 85. What is the remainder when w(-16) is divided by d?
15
Suppose -a = 2*f - 349, 614 = 4*f - 3*a - 129. Let k = 82 - 45. What is the remainder when f is divided by k?
31
Let x(m) = m - 4. Let k be x(3). Let h(n) = -6*n**2 + 756*n + 2375. What is the remainder when h(129) is divided by (8/5)/(k/(-5))?
5
Suppose 12 = r - y, 80*r - 75*r + y - 24 = 0. Suppose 15 + 33 = 3*n. Calculate the remainder when n is divided by r.
4
Let q = 7060 + -7048. Calculate the remainder when 368 is divided by q.
8
Suppose -28*p + 913 = -5443. Calculate the remainder when p is divided by 78.
71
Let d = 702 - 594. Suppose 130*s = d*s + 396. Suppose -v = t - 5 - 5, -v - 2*t + 13 = 0. Calculate the remainder when s is divided by v.
4
Suppose 4*i = -4*q + 460, -19*i + 347 = -16*i + q. Calculate the remainder when i is divided by 110.
6
Suppose 8*k + 5*k - 3978 = 0. Calculate the remainder when k is divided by 31.
27
What is the remainder when -9 + 4 + (-135694)/(-17) is divided by 35?
32
Let h(n) = -7*n**2 + 2*n - 1. Let s be h(1). Let m = s - -25. Calculate the remainder when m is divided by 8 + (-9 - -14) + -3.
9
What is the remainder when (753 - 0) + 82 + -98 is divided by 236?
29
Let d(t) = -109*t**2 + 7*t + 8. Let k(l) = 73*l**2 - 5*l - 5. Let j(s) = -5*d(s) - 7*k(s). Calculate the remainder when j(-2) is divided by (-4)/12 + 200/6.
32
Let w = 163 + -171. Calculate the remainder when (-361)/38*w/2 is divided by 11.
5
Suppose -2*a - 197*r = -202*r - 4302, a = 2*r + 2148. Calculate the remainder when 4284 is divided by a.
12
Let h = 279 - 277. What is the remainder when 2/3*(183/h - 3) is divided by 27?
5
Suppose -4*o = -7*o - 5*m + 42, -4*o + 39 = m. Suppose -193 - 14 = -o*x. What is the remainder when 63 is divided by x?
17
Let n(k) = 2*k + 47. Suppose 9*p - 34 = 3*r + 11*p, 3*p = 5*r + 63. Let m(o) = 7*o + 1. Calculate the remainder when n(r) is divided by m(1).
7
Let y = -836 + 1471. Suppose -20*i - 17*i + 259 = 0. What is the remainder when y is divided by i?
5
Let z be 9/(-6)*(-10)/3. Suppose 4*t - 17 = -r, 3*r - r - 34 = -z*t. Let h = 111403 - 111236. Calculate the remainder when h is divided by r.
14
Let q = -5639 - -5724. What is the remainder when 164 is divided by q?
79
Suppose f - 310 = -4*f. Let a(r) = 39*r - 124. Let h be a(13). Suppose -14*c + h = 159. What is the remainder when f is divided by c?
14
Suppose 3*b - r = -0*r + 6, 3*b + 4*r - 6 = 0. Let h(d) = d**3 + 4 + 11*d - 4 + b + 13*d**2. What is the remainder when 54 is divided by h(-12)?
12
Suppose -3*c - 3*r = 447, 0*r + 15 = -3*r. Let t = -139 - c. Calculate the remainder when 11 is divided by t.
1
Let k(p) = -9*p + 104. Let v be k(10). Suppose v*m - 12*m = 76. Calculate the remainder when m is divided by 6.
2
Let q = -7708 - -7740. What is the remainder when 1535 is divided by q?
31
Let u = -13 - -23. Suppose 5*d + 0*q - 4*q + 241 = 0, 5*d = -3*q - 213. What is the remainder when 18/d - (-294)/10 is divided by u?
9
Let h(d) be the second derivative of -d**4/12 + 7*d**3/6 + 3*d**2 + 4*d. Let l(j) = j + 14. Let t be l(-10). Calculate the remainder when 87 is divided by h(t).
15
Let i be -2 + 15/5 + (-7 - -8). Suppose 496 = i*r + 2*m, 11*r - 13*r + 503 = -5*m. What is the remainder when r is divided by 75?
24
Suppose 2*p = -d + 328, -14*d = 5*p - 13*d - 823. Suppose -23*m - 268 + 912 = 0. Calculate the remainder when p is divided by m.
25
Let w = 11739 - 11218. Calculate the remainder when w is divided by 14.
3
Suppose -3 = -4*k + 3*k. Suppose -k = -d + 3*s, d - 46 = -3*d - 5*s. Let t = 4919 + -4913. What is the remainder when d is divided by t?
3
Suppose d - 10 = 10. Suppose -3*s - 87 = -5*f, -3*s = s - 4. Suppose 0 = f*a - 1121 - 661. Calculate the remainder when a is divided by d.
19
Let j = -338 - -541. Suppose -5*p - 3*o = -319 - j, p - 98 = o. Suppose 6*q = -0*q + p. Calculate the remainder when 48 is divided by q.
14
Suppose -k - 2*o + 124 = 0, 0 = -5*k - 4*o + 560 + 30. What is the remainder when 797 is divided by k?
113
Suppose -40*d = -31*d - 1170. Suppose 135*z = d*z + 145. What is the remainder when 54 is divided by z?
25
Let y be (-12*(-2)/10)/((-88)/(-220)). Suppose 216 = -y*i + 312. Calculate the remainder when 125 is divided by i.
13
Suppose 14*v - 2787 = 629. Let a = -221 + v. What is the remainder when a is divided by 8?
7
Suppose 16 = 16*o - 20*o. Let y = -21 + 32. Calculate 